6*n. Calculate the highest common divisor of 11 and n.
11
Let o = 262 - 185. Let h(f) = -f**3 - 11*f**2 - 6*f - 62. Let k be h(-11). Let a be (10/k)/1*(-14)/(-5). Calculate the greatest common divisor of a and o.
7
Let g(p) = 153*p - 9565. Let d be g(71). Calculate the greatest common factor of 44 and d.
22
Suppose 24 = 3*w + 3*d, -w - 16*d + 14*d = -5. Calculate the highest common factor of w and 4763.
11
Let c be (-148)/407 - ((0 - -2) + 1120/(-55)). What is the greatest common factor of 2421 and c?
9
Suppose 0 = 13*f + 255 - 671. Suppose 4*h + 256 = 8*h. Suppose -r + 5*r - h = 0. Calculate the highest common factor of r and f.
16
Suppose -4*x = -14*x + 120. Let b(r) = 100*r + 2. Let c be b(1). Let t = c + -54. What is the greatest common divisor of t and x?
12
Let b be 2/7 + (-33)/(-7). Let k be 1/(-2) + (b - (-189)/14). What is the highest common factor of 162 and k?
18
Suppose -5*q - 5*h = -6*h - 17986, 4*q = -3*h + 14366. Calculate the highest common divisor of 464 and q.
116
Let r be 4/14 + 972/(-21) + 1. Let y be 3/(-2) + -1 + r/(-10). Calculate the highest common factor of 22 and y.
2
Let s(c) = c**2 + 5*c - 5. Let f be s(2). Let i be ((-6)/f)/(-2) - 96/(-9). What is the greatest common factor of 253 and i?
11
Suppose 3*p - 15510 = -5*f, 0 = -f - 3*p + 573 + 2529. Calculate the greatest common factor of f and 6.
6
Let l = -5458 - -7239. Calculate the highest common factor of 52 and l.
13
Let v(a) = 35*a**2 + 3*a - 1. Suppose 5*w - 7*w + 36 = 0. Let o = 20 - w. Let b be v(o). What is the highest common divisor of b and 29?
29
Let m = 42 + 48. Let r be 72/18*(-3)/2. Let j(u) = -5*u + 30. Let q be j(r). Calculate the highest common factor of q and m.
30
Let w be (-24006)/8*-1 - (-45)/(-60). Calculate the greatest common divisor of 60 and w.
60
Suppose 0 = -2*a - n + 22, 5*a - 7*n + 2*n = 85. Let h = 3840 + -3606. What is the highest common divisor of a and h?
13
Suppose -492 = -4*s - 4*r, 5*s + 2*r - 621 = -0*s. Let b = s - 74. Calculate the greatest common factor of 561 and b.
51
Let u(a) = 241*a + 6605. Let r be u(-27). Calculate the greatest common factor of r and 11417.
49
Let y be 14/(-168) - (34461/(-108) - 1). Calculate the highest common divisor of 22240 and y.
160
Let q be 3 + ((-2)/1)/2. Suppose -5*n - 36 - 44 = -5*i, -q*n = 5*i - 66. Let l = 132 + -76. Calculate the greatest common factor of l and i.
14
Let q(n) = n**3 - 9*n**2 - 2*n + 18. Let o be q(9). Suppose u + 4*t - 29 = -32, o = -4*t - 12. What is the highest common factor of 225 and u?
9
Suppose 6*l = 2*l. Suppose 5*d - r - 21 - 232 = l, -d + 41 = 3*r. Let s(g) = 73*g - 71. Let p be s(2). Calculate the highest common divisor of d and p.
25
Suppose 4*w = 5*w. Suppose -n = 0, w*y = -4*y + 2*n + 20. Let g be -4*2*y/(-20). What is the highest common divisor of 32 and g?
2
Let l(a) = a + 2. Let h be l(-3). Let p = h - -8. Suppose p*g - 19 = 58. What is the highest common divisor of g and 22?
11
Suppose 8*b - 3*b - 310 = 0. Let w = 89 - b. Let r = -161 + 164. What is the highest common divisor of w and r?
3
Suppose 2*x - x + 4*c = -1, 4*x = 3*c + 53. Suppose -3*r = -2*r - 30. Let d = 58 + r. Calculate the highest common factor of x and d.
11
Let b be -9*(3 - (-48)/(-18)). Let x be 11*(b/3)/((-7)/21). What is the greatest common divisor of 3 and x?
3
Let w(j) = 4*j**2 + 3*j + 45. Let c be w(-7). Let v be ((-4 - (2 - 7)) + 0)*c. Calculate the greatest common divisor of v and 275.
55
Let f = 13270 - 13226. What is the highest common divisor of f and 143?
11
Let y = -26154 - -27838. What is the greatest common divisor of 36 and y?
4
Let f be (((-21)/(-2))/3 + 3)*22. Let w = -37 + -5. Let g = f - w. Calculate the greatest common factor of g and 37.
37
Let x = 23336 + -22481. Calculate the greatest common factor of x and 90.
45
Suppose 4*r + 13 = -11. Let l(x) = 15*x + 14. Let p(c) = -13*c - 14. Let i(v) = -6*l(v) - 7*p(v). Let t be i(r). What is the highest common factor of t and 64?
8
Let u be 4/(5*(-36)/(-1575)). Suppose -u - 1 = -4*x. Suppose i - 70 = 3*n - 4, 4*n = i - 61. What is the greatest common divisor of x and i?
9
Suppose 0 = -16*s + 7*s - 5823. Let k = 653 + s. Calculate the highest common divisor of k and 39.
3
Let n(p) = 13*p - 73. Let k be n(7). Let z be (-194)/(-2) + -15 + k. Suppose -4 = t - 44. Calculate the greatest common divisor of z and t.
20
Let a = 8580 - 8557. What is the highest common divisor of a and 4968?
23
Let x = 3103 - 2802. Calculate the greatest common divisor of 56 and x.
7
Suppose -20 = 5*c - h + 20, -5*c + 5*h = 40. Let v(i) = -16*i + 7. Let u be v(c). Calculate the highest common divisor of 3 and u.
3
Let u(y) = y**3 - 3*y**2 + 5*y - 45. Let z be u(8). Let i = z - 268. Calculate the highest common factor of 1 and i.
1
Let r = -2886 - -6081. Calculate the greatest common factor of r and 30.
15
Suppose 732*d = 736*d - 196. Let c = -20 - -23. Suppose -c*t + 21 = -0*t. What is the highest common divisor of t and d?
7
Suppose 24*x - 2650 = -x. Let p be x + -8 - (7 - -1). Let s = 22 + -7. What is the greatest common divisor of p and s?
15
Suppose 776*v = 61*v + 542685. What is the greatest common divisor of 66 and v?
33
Suppose -2*i - 2*q = -10280, 5*i + q - 20088 = 5620. Calculate the greatest common factor of 6 and i.
6
Let m be (-12)/18 - 6/(-9). Let a be 2 - m - (-47 + 4). Let b be 27/a + (-77)/(-5). Calculate the highest common factor of 24 and b.
8
Let s be ((-298)/4)/((-18)/(-90)*(-5)/2). Calculate the highest common factor of 1 and s.
1
Let n = -16995 + 17169. Let d be (-2)/6 - 698/(-6). What is the highest common divisor of n and d?
58
Let k be (18/16*2)/(6/64). Let h = 197 - 109. What is the highest common factor of h and k?
8
Let x(r) = r**3 + 37*r**2 + 12*r + 90. Let n be x(-36). Suppose n + 411 = 39*o. What is the greatest common divisor of 28 and o?
7
Suppose -5*n = -2*o - 205, -o - 60 = 3*n + 48. Let v = o + 409. Calculate the greatest common divisor of 32 and v.
16
Let x(a) = -119*a**3 + a**2 - 3*a - 3. Let t = 381 - 382. Let m be x(t). Calculate the greatest common factor of m and 80.
40
Suppose -3*b + u = -4*u + 1103, -1828 = 5*b + 2*u. Let h = -267 - b. Calculate the greatest common divisor of h and 66.
33
Let t be (-85 - 6)*(-104)/28. Let k be t/(-6 - (-10 - -2)). Calculate the highest common divisor of k and 13.
13
Let w be 1*(5636/4 - 7). Suppose 5*r - 3*j - w = 464, -r + 384 = 3*j. What is the greatest common divisor of r and 15?
15
Suppose -7 = -4*j + 45. Let i = 112 - j. Suppose 169*h + 1705 = 324*h. Calculate the greatest common factor of i and h.
11
Let f be (39/6)/((-1)/(-2)). Suppose 4 = n, -7*j + 3*j + 812 = -5*n. Calculate the greatest common divisor of f and j.
13
Let w = 3 - -5. Suppose 3*z = -w*z. Suppose z = 2*c - 77 - 179. What is the highest common factor of c and 16?
16
Let b(y) = -3*y**2 - 35*y + 5. Suppose 2*k = -12 - 6. Let r be b(k). What is the greatest common divisor of 385 and r?
77
Let n = 169 + -9. Suppose -p + 4 = 2. Suppose o - y - 132 = -o, 0 = o + p*y - 56. Calculate the greatest common divisor of o and n.
32
Let g = 60 + -32. Suppose 4*d + g - 80 = 0. Let n(p) = -p**3 + 8*p**2 + 5*p - 1. Let y be n(8). Calculate the greatest common factor of d and y.
13
Let b be (3 - 0) + 7 + -7. Suppose -b*q + 74 - 2 = 0. What is the highest common divisor of 132 and q?
12
Suppose 4*a = 12, -647 = 2*d - 7*d + a. What is the highest common factor of 130 and d?
130
Suppose 0 = 15*f - 14*f + 24. Let x(q) = q**2 + 21*q - 50. Let s be x(f). Suppose -s*m + 18*m = -4. What is the highest common factor of m and 3?
1
Suppose -627 = 2*u - 2*j - 829, -5*j - 295 = -3*u. What is the highest common factor of 1113 and u?
21
Let c(z) = 10 + z - 3 + 18. Suppose 27*n - 34*n = 105. Let r be c(n). Calculate the greatest common divisor of 20 and r.
10
Let w = 45823 - 28377. Calculate the greatest common divisor of 39 and w.
13
Suppose -697 = 2*f - 43*f + 1845. Calculate the greatest common divisor of f and 8.
2
Let m be 492/21*(-237 + 244). Calculate the greatest common factor of 56 and m.
4
Suppose 30 = -5*a, 4*q - 830 = -3*a + 6*a. Calculate the greatest common divisor of 12992 and q.
203
Let l(c) = -78*c + 432. Let x be l(0). Let s = -285 + x. What is the greatest common divisor of 21 and s?
21
Suppose -11*k + 83 = -30 - 41